 Suppose -84*b + 260 = -64*b. Calculate the greatest common factor of b and p.
13
Let d(n) = n**3 + 13*n**2 - 2*n - 22. Let y be d(-13). Suppose 2*w - 2 = 14. Calculate the greatest common factor of y and w.
4
Suppose -4*h + 130 = -u, 124 = -4*u + 2*h - 382. Let g be -201*60/u + 4/14. Let f be ((-12)/(-14))/(1/14). Calculate the greatest common factor of g and f.
12
Suppose -50*s = -52*s + 18. Suppose 0 = 12*l - s*l - 66. What is the greatest common divisor of l and 22?
22
Suppose -u - 2 = -1, -5*k - 2*u = -673. Let z(j) = 9*j - 3. Let x be z(2). What is the greatest common factor of k and x?
15
Suppose 58*p = 59*p - 3. What is the greatest common divisor of 1 and p?
1
Let t = -88 + 92. What is the highest common divisor of 4 and t?
4
Suppose -3*l - l + 148 = 0. Suppose 2*f + 4*p + l = -17, -f + 5*p = 55. Let v be (49/(-35))/(1/f). Calculate the highest common divisor of v and 7.
7
Suppose 0 = -3*j - 2*p + 62, j = 4*j - p - 77. Suppose 10*i - 8*i - j = 0. Calculate the greatest common factor of 8 and i.
4
Let j = 107 + -103. Calculate the greatest common divisor of j and 52.
4
Let q(d) = 4*d**2 - 2*d + 2. Suppose 6 = 3*s + v, 2*s - 4*v - 1 + 11 = 0. Let w be q(s). Calculate the greatest common factor of 12 and w.
4
Let v be ((-16)/12)/((-6)/171). Let r be (-4)/8*-122 + -4. What is the greatest common divisor of v and r?
19
Let v = 70 - 40. Suppose -25 = -4*k - q, 5*q - 20 = -k + 2*q. Let w be (90/5)/(2/k). What is the greatest common factor of w and v?
15
Let x be 2/9 - 2560/(-144). What is the highest common factor of 8 and x?
2
Let d(s) = -7*s + 19. Let q be d(22). Let m = -120 - q. Let l be 112/20 + 4/10. Calculate the highest common factor of m and l.
3
Let h = -5 + 14. Suppose -42 = g - h. Let r = g - -53. What is the greatest common factor of r and 10?
10
Let m(i) = -i**3 - 36*i**2 - 64*i + 160. Let p be m(-34). Let x be (14/3)/(2/6). Let w be (x - (-2 + 1)) + 1. Calculate the highest common factor of p and w.
8
Suppose -33*k + 1335 = -645. What is the highest common divisor of 1290 and k?
30
Let n(v) = 152*v**2 - v + 2. Let f be n(1). Suppose -64 = -4*w - 2*y, 5*w + 2*y - 30 = 3*w. Calculate the greatest common factor of f and w.
17
Let v be 20/210 + (-20200)/(-21). What is the highest common divisor of 74 and v?
74
Let z = -70 + 86. Suppose -8*o + 5*o = -36. Calculate the greatest common factor of z and o.
4
Let c(r) = 23*r - 4. Let z be c(3). Let d = -33 + 46. Calculate the highest common factor of d and z.
13
Let x = 8 - 5. Suppose x*q = 6, -w + 4*q - q - 4 = 0. Let c = -27 + 32. What is the highest common factor of c and w?
1
Let c = -149 + 160. Let v be (-8 + 369/(-18))*c*-2. Calculate the greatest common divisor of v and 57.
57
Let m(x) = 3*x + 3*x + 1 + 0*x - 4*x + x**2. Let f be m(-2). Let i = 55 + -54. Calculate the greatest common divisor of f and i.
1
Let x(l) = l - 9. Let g be x(6). Let k(a) = -2*a**3 - 3*a**2 + a + 4. Let w be k(g). Calculate the greatest common factor of w and 7.
7
Let h be (-2 - 1) + 1 + (-168)/(-4). Suppose 18*k - h = 13*k. What is the highest common factor of 1 and k?
1
Let g(s) = -17*s - 25. Let c be g(-4). Suppose 5*j - c = 3*y - y, -24 = -4*j - y. Suppose -3*d + 8*d = 385. What is the greatest common factor of d and j?
7
Let s(f) be the first derivative of 11*f**2/2 + 8*f - 1. Let i be s(7). Let u(n) = n + 6. Let q be u(11). What is the greatest common divisor of i and q?
17
Let v(s) = -s**2 - 11*s - 5. Let u be v(-8). Suppose 2*a - 3*h + u = 3*a, 3*h = -4*a + 85. Let c = 110 - 55. Calculate the highest common divisor of c and a.
11
Let o be (2 - 3) + (-5 - -8). Let b(i) = -i**3 - 14 + i**2 - 9*i**2 - 5*i**o + 11*i. Let v be b(-14). Calculate the highest common factor of 4 and v.
4
Let t = -30 - -30. Suppose t = -2*m - 2*m - g + 62, -3*m + 53 = 4*g. What is the greatest common factor of m and 3?
3
Suppose -6*k + 127 = -407. Suppose 546 = 5*m - 2*c, -5*c - k = -2*m + 121. What is the greatest common divisor of 22 and m?
22
Let z be (-20)/(-170) + (-2452)/34. Let t = 7 - -114. Let s = z + t. What is the greatest common factor of 7 and s?
7
Let b be ((-4)/5)/((-2)/10). Let w be (-46)/(-6) + 5/15. Calculate the highest common factor of w and b.
4
Let w(u) = -u**3 - 6*u**2 - 7*u - 7. Let g be w(-5). Suppose -g*o + 5 = -13. Let l be (-42)/(-3) - o/(-2). What is the highest common factor of l and 153?
17
Let r = -8 - -13. Suppose -162 = -3*j - 159. Calculate the highest common factor of r and j.
1
Suppose -700 = -0*m - 5*m. Let y = -56 + m. Let p(j) = -j**3 + j - 4. Let n be p(-4). Calculate the greatest common factor of n and y.
28
Let o = -707 + 713. Suppose 4*g = 5*g + 4*j + 20, 4*j + 20 = -2*g. Let i be 16 + g + (3 - 1). What is the greatest common divisor of i and o?
6
Let o(w) be the first derivative of -w**3/3 - 7*w**2 - 25*w - 27. Let q be o(-10). Calculate the greatest common divisor of 105 and q.
15
Let c be (1/(-4) - 7/4)*(-87)/3. Suppose 20 = -4*v, -3*v = 3*n - 0 + 9. What is the greatest common divisor of n and c?
2
Suppose 0 = -3*j + 2*m + 224, -2*j + 48*m + 156 = 50*m. What is the greatest common divisor of j and 342?
38
Suppose -2 = 2*r, 3*w - 5*w = -2*r - 362. Calculate the greatest common factor of w and 20.
20
Let x(t) = 448*t**2 - 11*t - 26. Let m be x(-2). Calculate the highest common divisor of 12 and m.
12
Let h be (-8)/(40/(-75)) - 0. Let c(d) = d - 6. Let m(z) = z - 7. Let r(j) = 3*c(j) - 4*m(j). Let n be r(0). Calculate the highest common divisor of n and h.
5
Let p(s) = 96*s - 30. Let b be p(2). What is the highest common factor of b and 189?
27
Let v(c) = -c**3 - 32*c**2 - 5*c - 153. Let h be v(-32). Calculate the highest common divisor of 441 and h.
7
Let u(f) = -3*f**3 + 4*f. Let n be u(-2). Suppose 36 + 84 = 5*w. Calculate the highest common divisor of w and n.
8
Suppose 222 = 5*g - 3*p - 52, -3*p = 3*g - 150. Calculate the highest common factor of g and 477.
53
Let c = 688 + -583. What is the highest common divisor of c and 945?
105
Let p = -168 + 238. Let f be -2 - -1*(3 + 0). Suppose 3*c = j - 4, f = -2*c + 5. What is the highest common factor of p and j?
10
Let l be (-52900)/(-32) - 10/80. Calculate the greatest common divisor of l and 87.
87
Let o(p) be the first derivative of 41*p**3/3 - p**2/2 + 2. Let z(m) = m + 2. Let t be z(0). Let b be o(t). What is the greatest common divisor of b and 18?
18
Suppose d = -3*a + 39, -2*a - 3*a - 235 = -5*d. What is the greatest common divisor of d and 1890?
45
Let o(n) = -84*n + 70. Let a be o(-4). Calculate the highest common divisor of a and 14.
14
Let m = 12 + 15. Let t = m + -24. Suppose p + t*r = 21, r = p - 0*r - 17. Calculate the greatest common divisor of 198 and p.
18
Let y(g) = -g**2 - 14*g - 3. Let x(o) = -4*o - 22. Let d be x(-3). Let b be y(d). Calculate the highest common divisor of b and 407.
37
Let f(v) = v**2 + 2*v + 8. Suppose 4*t + 8 = s - 0, 4*t = -5*s - 8. Let a be f(s). Calculate the greatest common factor of 2 and a.
2
Suppose -5*c + 135 = 5*a, -a - 63 = -14*c + 12*c. What is the highest common factor of 10 and c?
10
Let m = 74 - -43. Let h be (-10 - -36)/(-2)*-3. What is the greatest common factor of h and m?
39
Let c = 2 + -6. Let y be (55/(-10) + 4)/(2/c). What is the highest common divisor of y and 1?
1
Let b(u) = u + 24. Let i be b(-20). Suppose 392 = i*d - 112. Suppose -2*w + 5*w = d. Calculate the greatest common factor of 63 and w.
21
Suppose -169*f + 167*f + 84 = 0. Calculate the greatest common divisor of 14 and f.
14
Suppose -2269 + 3519 = 10*s. What is the greatest common divisor of s and 200?
25
Let g = 15 + -6. Suppose 1275 = -6*h + g*h. Suppose -5*p = 2*v - 151, -5*v + 4*p + 35 = -h. What is the greatest common factor of 11 and v?
11
Let f = 15 + -12. Suppose s - 43 = -d - f*d, 0 = -3*d + 12. Suppose 3*o = 15, s = 4*b + 5*o - 42. What is the greatest common factor of 121 and b?
11
Let f = 16 + 10. Let g = f - 10. Calculate the highest common factor of 16 and g.
16
Let o(q) = 5*q - 8. Let u be o(7). Let n be -3 - 1*(2 + -15). Let i be 266/n + (-8)/(-20). What is the highest common divisor of i and u?
27
Suppose -5*p - 15 = 4*z + 27, -z = -2. Let a = p + 23. Suppose -2*g - 61 = -4*g - 3*f, -g + 4*f = -14. Calculate the highest common divisor of g and a.
13
Let g be (-2 - 249 - 1)*(-6)/7. What 